l - 1. Determine m(i).
-21
Let a(w) = -13*w + 1022. Let h be a(78). Let p(k) = 5*k + 4. Determine p(h).
44
Suppose -152 = 5*a - m, 5*m = -5*a - 175 + 5. Let o = 34 + a. Suppose 3 - o = -6*c. Let b(s) = -s**2 + s - 8. What is b(c)?
-8
Let c(a) = -a**3 - 7*a**2 - a + 3. Suppose -128*o = 492 + 404. Calculate c(o).
10
Let w(x) = 20 - x**2 - 28 + 46*x - 45*x. Let k be 7 - 3 - 8 - -6. Suppose m = -k*m. What is w(m)?
-8
Let b(r) = 4*r**2 + 7*r - 7. Suppose 16*w - 16 - 42 = -122. Give b(w).
29
Suppose -63*n - 42 = -70*n. Let l(y) = -8*y**2 + 4*y + 14*y**2 - 7*y**2 + 2. Determine l(n).
-10
Suppose 7*g - 45 = -2*l, 2*l = -37*g + 35*g + 10. Let i(z) = z**2 - 14*z - 9. Determine i(g).
-58
Let j(q) be the first derivative of -q**4/4 + 5*q**3 - 11*q**2 - 32*q - 5210. What is j(13)?
20
Let h(i) = -86*i + 7. Let f(n) = -128*n + 7. Let q(m) = -2*f(m) + 3*h(m). What is q(15)?
-23
Let v(z) = -4*z**2 - 2*z**2 - 5 + 7*z**3 - 8*z + 0*z**2 + z**2. Let q(i) = i**3 - i. Let d(l) = -6*q(l) + v(l). Let s = 2333 + -2329. Calculate d(s).
-29
Suppose b - 53 = -k - 51, -5*b = k - 10. Let g(d) be the third derivative of 7/24*d**4 - d**2 + 1/60*d**5 - 1/2*d**3 + k + 0*d. Determine g(-8).
5
Let w(u) = u - 2. Let y = 5 - 3. Let a be (-44)/(-24) + 130/(-156). Suppose -3*r = g - a + 17, 4*r + 20 = -y*g. Calculate w(r).
-8
Let h(t) be the second derivative of 0 - 2/3*t**3 + 4*t - 2*t**2. Suppose -2*r = y + 19, r - 384*y = -388*y - 27. Calculate h(r).
24
Let a(p) be the second derivative of -124*p + 1/2*p**2 - p**3 + 0. What is a(2)?
-11
Let v = 4 + 35. Let n(x) = -45 + 0*x - x + 2*x + v. What is n(6)?
0
Let r(c) be the first derivative of c**5/20 + c**4/12 + c**3/6 + 5*c**2/2 + 277*c - 287. Let w(s) be the first derivative of r(s). Give w(0).
5
Let o(t) = 115*t - 452. Let y be 21/(-7) - (-21)/(-1 + 4). Calculate o(y).
8
Let s = 3060 - 3059. Let y(u) = 3*u - 9. Determine y(s).
-6
Let b = -7058 - -7063. Let u(n) = n**3 - 4*n**2 + 11. Calculate u(b).
36
Let q(d) = -d**3 + 7*d**2 - 4*d + 19. Let c(w) = 2*w**3 - 7*w**2 - w + 19. Let b be c(3). Calculate q(b).
-9
Let h(n) be the first derivative of 9 + 1/4*n**4 - 7/3*n**3 + n**2 - 3*n. Let q(m) = m**3 - 8*m**2 + 3*m - 3. Let o(v) = -5*h(v) + 4*q(v). Calculate o(-2).
19
Let n(d) = 60*d + 74. Let v(u) = -303*u - 363. Let c(a) = -21*n(a) - 4*v(a). Give c(-2).
-6
Let r be 2 + (-2)/4*2. Let n(g) be the second derivative of g**5/15 + g**3/6 + 31*g**2/2 + 58*g. Let x(y) be the first derivative of n(y). Calculate x(r).
5
Let f be 3/((1 - -2)/3). Suppose -1 = 4*d - 5, 2*i - 3 = -3*d. Suppose o + 0*o - f = i. Let j(s) = s**3 - 4*s**2 + 5*s - 2. Give j(o).
4
Let p(q) = -5*q + q**2 + 82 + 82 + 83 - 248. Suppose -h = -5*h. Suppose -x = -b, h*x + 30 = 2*x + 4*b. Determine p(x).
-1
Suppose -4*v + 43 = 27. Suppose -4*h - 5*w - 1 = -5, -v*w = h - 12. Let g(p) = -p**3 - 3*p**2 + 2*p - 3. Calculate g(h).
5
Let v(p) be the third derivative of p**5/15 - 41*p**4/12 - 15*p**3/2 - p**2 - 3884. Determine v(21).
-3
Let t(w) = -w**2 - 31*w + 16. Let c be ((-2170)/(-42))/(95/(-57)). Determine t(c).
16
Suppose 213*i + 624 = 5*i. Let x(u) be the second derivative of -u**3 - 2*u. Determine x(i).
18
Let l be 3 - (-8 - (4 - 1)). Suppose l*q = 7*q - 21. Let p(d) = 4535 + 6*d - 2269 - 2262. Calculate p(q).
-14
Let l(h) = -h**3 + 10*h**2 - 8*h + 5. Let c = -20477 - -20482. Calculate l(c).
90
Suppose -f - 39 = -4*k, 40 = 4*k - 5*f + 5. Let a(g) = -44*g + 45*g + k - 1 + 8. Give a(-9).
8
Let y(o) be the third derivative of 0 - 1/60*o**5 + 0*o**4 + 0*o + 1/2*o**3 + 127*o**2. Determine y(0).
3
Let k(a) = -a + 5. Suppose 0*d - 4*v + 328 = 2*d, 5*d + 4*v - 790 = 0. Let n = d - 147. Determine k(n).
-2
Let q(h) = -h**2 - 11*h + 17. Let f be 10 + (16/(-24))/(20/750). What is q(f)?
-43
Let y(g) = 2*g + 17. Let x = -209 + 232. Suppose 21 = -4*w - x. Determine y(w).
-5
Let j(p) = -p**2 + 9*p - 1. Let w(g) = -15*g - 8*g + g**2 + g + 30. Let r be w(21). Calculate j(r).
-1
Let s be -2*(1 + -3) - (3 + -28). Let x(l) = s - 55 + 35 + 3*l. Let q be -1 - (-2)/(-4)*10. Determine x(q).
-9
Let k(n) = -4*n + 9*n - 4*n + 1 + 14*n. Let i(a) = -13*a - 8. Let g(v) = -28*v - 16. Let h(c) = -3*g(c) + 7*i(c). Let u be h(-1). Give k(u).
-14
Let s(h) be the second derivative of 1/20*h**5 - 1/6*h**4 + 237*h - 1/3*h**3 + 1/2*h**2 + 0. Calculate s(3).
4
Let u(a) = 4*a - 47. Let g be u(12). Let l(t) be the second derivative of -11*t**5/20 - t**4/12 + t**3/6 - 761*t. Calculate l(g).
-11
Let w(v) = -40*v**2 + 38*v**2 - 3*v + 7*v - 3 - 2*v. Let o(q) = q**2 + q + 2. Let b(u) = -3*o(u) - w(u). What is b(-4)?
1
Suppose 27*o = -1276 + 709. Let f(v) = v**2 + 21*v - 17. Determine f(o).
-17
Let l = -10968 - -10971. Let k(p) be the third derivative of -1/12*p**4 + 0 - 1/120*p**6 + 1/10*p**5 - 30*p**2 + 0*p + p**l. What is k(5)?
21
Suppose -14*f - 20 = -76. Let x(l) = 11*l + 9. Let b(p) = -9*p - 9. Let w(d) = f*x(d) + 5*b(d). Give w(-15).
6
Let q be (210 + 1 + -3)/(-1 - -3). Suppose 0 = -45*t + 19*t - q. Let c(j) = 8*j**2 + 0*j**2 - 3*j**2 + 6 + 5*j + j**3. What is c(t)?
2
Let b(k) = 2*k**2 - 15*k + 45. Let t be 9/(135/50)*2/(-12)*-9. Give b(t).
20
Let d be (170/(-51) - -3)*-6. Let x(r) = 5*r**2 + 6*r - 5. Determine x(d).
27
Let l(b) be the second derivative of b**5/20 + 7*b**4/6 - 7*b**3/3 + 8*b**2 + 257*b + 19. Suppose 0*z - z = 15. Give l(z).
1
Let o(h) = -h**3 - 4*h**2 + 3*h + 3. Let p be 2466/(-72) + 1/4. Let u = p + 38. Suppose m + 9 = -r + 2*m, u*m - 24 = r. Determine o(r).
-9
Let n(a) = -8*a + 68. Let x be (10 - (-2 - -4)) + -1 + 1. Let u be n(x). Let g(q) = -q**2 + 1. What is g(u)?
-15
Let w(v) = v**2 + 8*v - 16. Suppose 7*c + 28 = 3*c. Let x(m) = m**2 + 8*m - 17. Let h(a) = c*w(a) + 6*x(a). Calculate h(-9).
1
Let l(w) = -11*w + 127. Let i(a) = -27*a + 268. Let d(g) = 2*i(g) - 5*l(g). What is d(32)?
-67
Let w(t) = -t**2 + 5*t. Let m(q) = -q**2 + 21*q + 89. Let i(h) = 3*h**2 - 43*h - 177. Let n(v) = 2*i(v) + 5*m(v). Let a be n(-7). What is w(a)?
-14
Let w = -1288 - -1290. Let r(u) be the second derivative of 0 + 3/2*u**w - 1/6*u**3 + 17*u. Calculate r(4).
-1
Let f(i) = 2*i + 4. Suppose 0 = -21*h + 41 + 64. Let z(r) = -2*r**3 + 10*r**2 + 2*r - 13. Let d be z(h). What is f(d)?
-2
Let t(y) be the first derivative of -y**3/6 + 4*y**2 + 68*y + 4. Let r(q) be the first derivative of t(q). Calculate r(8).
0
Let f(y) be the second derivative of y**3/2 - y**2/2 - 36*y. Let r be f(1). Let o be (-3)/(-5 - 1) + 11/r. Let v(n) = 2*n. What is v(o)?
12
Let b(v) = -3*v**2 + 8*v - 17. Suppose 3*y + 28 = -y + 5*m, 0 = -4*y + 2*m - 16. Let f(w) = -w**2 - w + 1. Let z(t) = y*f(t) + b(t). What is z(6)?
5
Let y(q) = -q**2 + 5*q - 2. Let i be ((6 - 4)/4)/((-1)/44). Let s be (-285)/(-55) + 4/i. Determine y(s).
-2
Let n(m) = m - 3. Suppose -6*f - 105 = -285. Suppose -f*a = -31*a + 7. What is n(a)?
4
Suppose -5*h - i = 4*i, 9 = 2*h + 5*i. Let v(r) be the third derivative of -1/24*r**4 + 0 + 0*r - 5/6*r**3 + 21*r**2. Give v(h).
-2
Let h(z) = 69182 - 34609 + 3*z - 34612. What is h(3)?
-30
Suppose 4*t + x = 2*t - 4, x - 4 = 2*t. Let i be (7/t)/(3 - (-35)/(-10)). Let m(g) = g**2 - 6*g - 5. Calculate m(i).
2
Let k = 4452 - 4456. Let o = -7 - -10. Let z(v) = 2*v + o + 5*v**2 + 3*v - v**3 + 2*v**3. Give z(k).
-1
Let s(x) = -11*x. Let m be -3 - -2 - ((-818 - -1) + 7). Let r = m + -810. Determine s(r).
11
Let t(l) be the second derivative of -l**4/3 + l**3/2 - l**2 + 3*l + 439. Let j be (-12)/(-6)*1/2. Let w = j + 1. Give t(w).
-12
Let x(a) = a**2 + 21*a - 7. Suppose 4 = -98*d + 99*d, -5*s + d = 114. What is x(s)?
15
Let o(s) = -2*s**3 + 9*s**2 - 10*s + 20. Let j(m) = 3*m**2 + 31*m - 150. Let q be j(-14). Calculate o(q).
-4
Let o be (-2)/(-6) - (-44)/12. Let i(z) = 17*z**2 + 11*z - 1. Let a(t) = 3*t**2 + t. Let v(g) = -6*a(g) + i(g). Determine v(o).
3
Let s(i) be the second derivative of 5*i**3/6 + 53*i**2/2 - 8*i - 97. Determine s(-6).
23
Let s(h) = 7*h - 6. Let n be s(0). Let p be (4/n)/(4/6) - 5. Let g(y) = -y**3 - 5*y**2 + 4*y - 1. What is g(p)?
11
Let w = 144 - 142. Let f(n) = 339*n + 0*n**2 - 171*n - n**w - 173*n. Determine f(-6).
-6
Suppose 7 + 21 = 7*m. Let s be ((-10)/m)/(13/26). Let f(d) = -3*d + 11. Let r(z) = 2*z - 5. Let g(w) = s*r(w) - 3*f(w). Give g(-6).
-2
Let o be 2/(-11) + (-2 - 224/(-22)). Let s(z) = -13*z**3 - 10 - z + 18*